*4/12 + 2*g**2. Is q(k) a multiple of 12?
True
Suppose 0 = -x + f + 5, 0*x - 9 = -x + 3*f. Suppose 4*w = x + 21. Suppose 27 = d + w. Is d a multiple of 9?
False
Does 8 divide -1 - -20 - (-5 + 2)?
False
Let u be 1 + (2 - 0) + 13. Does 19 divide 1/((-3)/(-6))*u?
False
Let k = 8 + -6. Suppose 3*o + 2*l - 42 = 0, 3*o - k*l = -6*l + 48. Is o a multiple of 7?
False
Let l be 0/(-1 - (-1 + -1)). Suppose l = -2*k - 4*d + d + 60, 3*k = -d + 97. Does 18 divide k?
False
Let t = 61 + 79. Is t a multiple of 20?
True
Suppose 2*p - 56 = 5*r, p + 6 + 21 = -3*r. Let l(w) = -w**2 - 12*w - 5. Is 15 a factor of l(r)?
True
Let t(a) = -9*a + 10 - 8 + 2*a. Does 23 divide t(-3)?
True
Is 19 a factor of (0 - 4/(-16)) + (-958)/(-8)?
False
Let q = -8 - -28. Suppose -i + q = -0*i. Is 9 a factor of i?
False
Let i = 45 + -11. Is 15 a factor of i?
False
Suppose -2*x - 185 = -3*g, 0*x = 4*g - x - 255. Does 14 divide g?
False
Let n(u) = 4*u**2 + 6*u + 3. Does 19 divide n(3)?
True
Let g = -80 - -124. Is 15 a factor of g?
False
Suppose 0 = w + 2*w - 222. Is w a multiple of 37?
True
Is 12 a factor of 3*16 - (2 + -2)?
True
Let r be (-4)/8*2*3. Is r/((-2 - -3) + -2) a multiple of 3?
True
Let b = 354 + -250. Is 47 a factor of b?
False
Let l be (-1)/(-2)*8 - 0. Suppose -y + 2*i = -64, l*i - 250 = 2*y - 7*y. Is 14 a factor of y?
False
Let q = -14 - -72. Is q a multiple of 29?
True
Suppose -52 = -4*r + 2*z, -2*r = 4*z - 0*z - 16. Is 4 a factor of r?
True
Let z(n) = 17*n**2 - 2*n. Is 9 a factor of z(-2)?
True
Let x = 73 + 60. Is x a multiple of 7?
True
Let g(x) = -x**2 + 25. Is g(0) a multiple of 25?
True
Let i(u) = -u**3 - 3*u**2 + 3*u - 1. Let z be i(-4). Suppose 0 = -4*m - 2*d + z*d + 131, -81 = -3*m - 5*d. Is m a multiple of 8?
True
Let h(a) = -2*a**3 + 2*a**2 + 2*a + 1. Does 3 divide h(-1)?
True
Let w = 18 - 6. Does 10 divide w?
False
Suppose 5*q - 20 = 0, -2*q = 2*a + 1 + 1. Let s(t) = -t**2 - 7*t. Is 5 a factor of s(a)?
True
Suppose 1760 = 3*u + 7*u. Does 22 divide u?
True
Suppose -3*y + 5*l + 3 = 2*l, -5*y + 4*l + 2 = 0. Does 8 divide 21/y*(1 + -3)?
False
Suppose 0 + 3 = v. Suppose -n + 28 = v*n. Is 7 a factor of n?
True
Let t be 2*(22/(-4) + 3). Is (-1*10)/(t/25) a multiple of 20?
False
Let s(i) = 12*i**2 + 4*i - 5. Let c be s(4). Suppose -4*v - 104 = 4*j - 36, 0 = -5*j - v - 65. Does 20 divide c/5 + j/20?
True
Let r be (-2 - -9) + 3 + -4. Let l be r/30 - (-124)/5. Suppose 4*t - l = -3*y + 17, -5*t = -4*y + 87. Is 6 a factor of y?
True
Suppose -3*z - m = -3, -2 = 2*z - 3*m + 7. Suppose 0 = -4*k + 12, z = 3*c - 5*k + 9. Does 2 divide c?
True
Let x = 354 - 74. Is 14 a factor of x?
True
Let i = 8 + -18. Let w = 1 - i. Does 4 divide w?
False
Let q be (2/6)/((-1)/15). Let t(r) = -r**2 - 10*r - 1. Does 12 divide t(q)?
True
Let o = 12 + -6. Suppose -2*r = -o*r + 56. Does 7 divide r?
True
Suppose 0 = -0*a + a + 5*u - 71, 2*a + 5*u = 127. Suppose -6*k + a = -2*k. Is k a multiple of 12?
False
Let r = -1 - -4. Is (3 + -10)/((-1)/r) a multiple of 16?
False
Let n(f) be the third derivative of f**3 + 0 + 1/60*f**5 - 2*f**2 + 5/24*f**4 + 0*f. Is 5 a factor of n(-6)?
False
Let m = 6 + -4. Suppose -4*t + m*t - 24 = 0. Let p = t - -20. Does 4 divide p?
True
Let s(x) = x**3 + 9*x**2 + 3*x - 17. Suppose -4*k - 5 = -o - 0*k, -4*k + 9 = -3*o. Does 13 divide s(o)?
False
Suppose -5*i = -4*r + 5, 5*r + 3*i = i + 31. Suppose r*s = 2*s + 96. Is 16 a factor of s?
True
Suppose 12 = 3*q + b, 2*b = 2*q - 7*q + 21. Suppose -2*l = -6*l - 4*i + 28, i + 41 = q*l. Does 7 divide l?
False
Suppose -2*z + 4*z = 0. Suppose z = -3*g + g + 6. Let f = g - -13. Is f a multiple of 7?
False
Suppose 0*q - 4*q = 3*t - 12, 4*t - 3*q + 9 = 0. Is 4 + -2 + (11 - t) a multiple of 13?
True
Is ((-2)/6)/(1145/(-570) - -2) a multiple of 6?
False
Let k be 6/3 - (1 - 2). Suppose 3*i - 4*x = -0*i - 38, 3*x = -k*i - 24. Let m = i - -17. Is 7 a factor of m?
True
Let v(s) be the second derivative of -s**3/3 + 3*s**2 - 13*s. Let z be -3 + -5 - 1/1. Is 10 a factor of v(z)?
False
Suppose 4*r - 2 = -2*c, -4*r + 2 - 30 = -4*c. Suppose c*d - 79 = -14. Is 13 a factor of d?
True
Let s be 4/(-14) + (-222)/(-42). Suppose -29 - 7 = -g + 4*m, -4*g = 2*m - 126. Suppose 0 = -3*f + s*f - g. Is f a multiple of 10?
False
Suppose 0 = 4*c + 12, -25 = -2*b + 3*c - 2. Let j(v) = -v**3 + 8*v**2 - 5*v + 2. Is j(b) a multiple of 16?
True
Let d(z) = -6*z. Is 6 a factor of d(-1)?
True
Let p = 8 - 25. Let k = 85 - p. Is k a multiple of 34?
True
Suppose 5*j = -k + 23, 3*j - k - 9 = -4*k. Let i = -2 + j. Is 3 a factor of i?
True
Suppose 2*d - 218 = -u - u, 5*d - 3*u - 513 = 0. Suppose -d = -4*p - p + 5*j, 3*p - 2*j = 63. Is 17 a factor of p?
False
Suppose 0*s = -s + 2*g + 17, -5*s - 4*g + 29 = 0. Suppose 0*m - 2*m + 3*u = -s, -4*m - 5*u + 7 = 0. Suppose -42 = -6*p + m*p. Is p a multiple of 5?
False
Let p(b) = 4*b**3 - 4*b**2 + 3*b. Does 9 divide p(2)?
False
Let t be 2990/90 + 4/(-18). Suppose f + t = 2*f. Is 16 a factor of f?
False
Let o(v) = v**2 - 1. Let d be o(2). Suppose 0 = 3*c - c - 3*z - 16, 0 = d*c - 4*z - 23. Does 4 divide c?
False
Suppose -4*w + 102 = 2*q, -q + 0*q + 105 = 4*w. Is 3 a factor of w?
True
Let q be ((-6)/(-8))/((-1)/(-16)). Let b(p) = p**2 - 4*p - 6. Let g be b(7). Is (q/g)/(4/50) a multiple of 10?
True
Let x = -14 + 16. Suppose 148 = 3*r + x*t, t + t = 4. Does 17 divide r?
False
Is 14 a factor of 1*3/(9/321)?
False
Let t = -4 + 51. Is 8 a factor of t?
False
Let b(t) = t**2 + 3*t - 4. Let j be b(-5). Suppose -y - j - 17 = 0. Let q = y + 38. Does 15 divide q?
True
Suppose -4*a = 2*w + 20, 2*w = 4*a + 2 - 6. Is 9 a factor of (-20)/(-6)*-1*w?
False
Suppose 1 - 2 = -w. Is 8 a factor of -8*(-4 + w)/3?
True
Let p(y) = -y**2 + 12*y + 3 + 2 + 0*y**2. Let g be p(12). Suppose d = 5*l - d - 150, 0 = -2*l - g*d + 89. Does 16 divide l?
True
Suppose n - 5*n + 4*z + 992 = 0, 5*n - 3*z = 1244. Is n a multiple of 35?
False
Let a(x) = -2*x**3 - 2*x - 1. Let b be a(-1). Suppose b*h - 9 = -3*z, 0 = -4*z + 3*z + 2*h. Let k = 20 - z. Does 9 divide k?
True
Suppose 0 = -3*u + 3, 0 = 4*s - 4*u - 207 + 3. Is s a multiple of 13?
True
Let c(a) = -21*a - 9. Does 32 divide c(-5)?
True
Let h(i) = -i**2 + 10*i - 8. Let q be h(7). Let f = q - 5. Is 4 a factor of f?
True
Let l(w) = -w**3 + w**2 - w - 1. Let i(c) = -3*c**3 - 2*c**2 - 12*c + 1. Let t(b) = i(b) - 4*l(b). Let h be t(7). Is 15 a factor of (-162)/(-4) + h/4?
False
Let c(b) = 3*b - 5. Let n be c(5). Let s = n + -17. Does 3 divide (-37)/(-7) + 2/s?
False
Let h(g) be the second derivative of -g**4/12 - 7*g**3/3 - 8*g**2 - 4*g. Is 3 a factor of h(-12)?
False
Let k(o) = 8*o**3 + 3*o**2 - 3*o + 1. Is 2 a factor of k(1)?
False
Let t = -18 - -51. Suppose -5*r = t - 103. Is r a multiple of 7?
True
Let f(y) = -y**2 - 7*y - 3. Let m be f(-5). Let r = 6 - m. Let i(o) = -11*o**3 - 1. Is i(r) a multiple of 3?
False
Is (0 + 1)*(-6 + 20) a multiple of 3?
False
Suppose -3*y = -d - 13, 4*y - d + 3*d - 4 = 0. Suppose k + 24 = 2*p + p, 2*k = -y*p - 57. Let h = -18 - k. Is h a multiple of 9?
True
Let h(i) = -15*i - 1. Let d be h(-5). Suppose -3*z = -7*z + 3*s + d, 0 = -z + 3*s + 23. Is z a multiple of 6?
False
Suppose 2*j - 629 - 79 = 0. Suppose -j - 306 = -5*p. Let f = p + -78. Is f a multiple of 24?
False
Let l(y) = -y**3 + 5*y**2 + 4*y + 5. Let m be l(7). Let t = 181 + m. Suppose -2*g = 2*g - t. Is 16 a factor of g?
False
Let n = -10 - -51. Suppose -4*l = -5 - 7. Suppose l*j - 4 - n = 0. Is j a multiple of 12?
False
Let x = 104 - 39. Is x a multiple of 12?
False
Let z be 285/(-2) - (-2)/(-4). Let u = z + 98. Is (10/(-6))/(3/u) a multiple of 13?
False
Let t be (-3)/12 + (-13)/(-4). Let r(u) = 0 - 5*u**2 + t*u**3 - 2*u**3 + 6*u - 4. Is r(4) a multiple of 3?
False
Let v = 17 - 2. Let t = 45 - v. Is 10 a factor of t?
True
Is 5 a factor of 415/20 + (-3)/4?
True
Let m = 13 - 8. Let j be 8*10 + -4 + m. Suppose -b + 2*p + 22 = 0, -4*b + 3*p = 2*p - j. Is b a multiple of 11?
False
Suppose -6*y - 4*y = -720. Is y a multiple of 7?
False
Suppose -4*v = -v + 3. Does 16 divide v - 9/((-36)/352)?
False
Let h(t) = t**3 + 5*t**2 + 3*t + 7. Let a be h(-5). Let q(f) = -6*f - 18. Does 23 divide q(a)?
False
Suppose 3*q + 4*a - 48 = 0, -7*q + 5*a + 115 = -2*q. Suppose 0 = 3*k + f - 5*f - q, -3*f = 15. Suppose -o = -4*m - 16, -4*o - m + 47 = -k. Is o a mu